*(-20)/25 + -1. Suppose m*u - 186 = 2*u. List the prime factors of u.
2, 3, 31
Let p(y) = -3*y + 8*y + 72 - 4*y. Let v(h) = -h + 7. Let u be v(7). List the prime factors of p(u).
2, 3
Let t(r) = 53*r - 106. Let d be t(3). Suppose 52*h - d*h - 4*z + 2061 = 0, 5*h = 2*z + 10327. What are the prime factors of h?
5, 7, 59
Suppose -5*o + 2*o - 30151 + 195238 = 0. List the prime factors of o.
3, 13, 17, 83
What are the prime factors of (-1)/(15/(-2)) + (-3157342)/(-510) + 26?
6217
Suppose 6359*p = 6438*p - 1562146. List the prime factors of p.
2, 9887
Let u(t) be the first derivative of t**4/2 - 11*t**3/3 - t**2 + 10*t + 19. What are the prime factors of u(9)?
13, 43
Let x = 116 - 113. Suppose n = -2*n - 4*y + 145, x*n - 137 = 4*y. Let f = n - -19. List the prime factors of f.
2, 3, 11
Let f(v) = -4*v**3 + 3*v**2 + 17*v - 19. Let y be f(-8). Suppose -4*j = -4*w + 2772, 3*j - 6*j = 3*w - y. What are the prime factors of w?
2, 347
Let l(g) = -g**2 - 20*g + 14. Let j(u) = -u**2 + u - 3. Let k be j(4). Let f be l(k). Suppose 3*i + 2*z - f = 0, -4*z - 16 = 4. What are the prime factors of i?
3, 11
Suppose -3*y + 4*t + 44 = y, y - 1 = -t. Suppose -474 = -y*i + 672. Let g = 380 - i. List the prime factors of g.
3, 7
Suppose -2*j + r + 17 = 0, 0 = 23*j - 19*j + 2*r - 22. Suppose -j*h + 748 = -6*h. List the prime factors of h.
2, 11, 17
Let l be 2/8 - (-1207)/68. Suppose 0 = -9*r + l*r - 396. Suppose -2*c - r = -484. What are the prime factors of c?
2, 5, 11
Let q be -5 + (-1 - 4 - -23). Suppose 3*b + 3880 = q*b. List the prime factors of b.
2, 97
Let x(d) = -d**3 - 9*d**2 - 13*d + 7. Let v be x(-7). Suppose -51 = -v*c + 3*c + 3*i, -3*i = -c - 1. Let m = c - -34. List the prime factors of m.
3, 7
Let x = -24 - -66. Let k be (-2)/6 - (-62930)/x. Suppose 0*y + k = 7*y. What are the prime factors of y?
2, 107
Let r be (1333/(-93))/(0 + 2/(-12)). Suppose -84*m + r*m - 708 = 0. Suppose -14*w + 12*w + m = 0. What are the prime factors of w?
3, 59
Suppose 3705 - 41747 = -6*i - 3260. What are the prime factors of i?
11, 17, 31
Suppose -u - 2*u = 2*b - 4, 5*b + 3*u + 8 = 0. Let o(s) = -8 + 18*s**2 - 3*s**2 - 11*s**2. What are the prime factors of o(b)?
2, 7
Let m(h) = -h**2 + 4*h + 2. Let o be m(2). Suppose 2*a = -3*v + 116, -2*v - 51 = -7*a + o*a. List the prime factors of a.
5, 11
Suppose 3*i + 3*z - 4*z - 54399 = 0, 0 = -2*i + z + 36265. List the prime factors of i.
2, 9067
Let c(v) = 110*v**2 + 7*v + 1. What are the prime factors of c(-3)?
2, 5, 97
Suppose 5*b + 2 = 3*v - 3, 2*v - 3*b - 4 = 0. Suppose v*d + 3 = 18, 3*d + 31 = -4*z. What are the prime factors of (-888)/z + -2 + 2/10?
3, 29
Let w = 70272 + -38161. What are the prime factors of w?
163, 197
Suppose 5 = -29*v - 53. List the prime factors of ((-48)/18 - v/(-6)) + 240.
3, 79
Let o = 165 - 140. List the prime factors of -3 - 0 - 30/(-2)*o.
2, 3, 31
Let r(w) = -3*w + 14. Let d be r(5). Let n be 0 - ((1 - -1) + d + -3). List the prime factors of 10/(-45) + (-182)/(-9) - n.
2, 3
Let b be (24/18)/(2/(-3)). Suppose -2*a + 2*x = -4*a + 94, 2*a - 70 = 4*x. List the prime factors of (3 + b)/(-2)*-4 + a.
3, 5
Let z(g) = 2101*g**2 + 2*g + 1. Let f be z(-1). Suppose -624 = 3*k - f. Suppose 2*i = -3*a + k, -3*a + 0*a = -4*i + 966. What are the prime factors of i?
3
Let r(p) = -155*p**3 + 10*p**2 + 17*p + 25. What are the prime factors of r(-3)?
7, 607
What are the prime factors of 1*(2 + -1) + (65503 - (-3)/(-3))?
31, 2113
Suppose -2*j = -3*i - 209, 6*j - 143 = 2*i + j. Let p = i + -37. What are the prime factors of ((-4)/((-24)/p))/(1/(-6))?
2, 53
Let x = -103180 + 165075. What are the prime factors of x?
5, 12379
Suppose -19*v = -5*j - 15*v + 60751, 4*j - v - 48603 = 0. List the prime factors of j.
29, 419
Suppose 4*r = -c - 16 - 56, -3*r = 5*c + 428. List the prime factors of 34/(c/(-231) + 2/(-7)).
3, 7, 17
Suppose -42*a - 118 = -3730. Suppose -n = -479 - a. What are the prime factors of n?
5, 113
Let l(k) = -669*k**3 + 13*k**2 + 6*k - 7. List the prime factors of l(-3).
5, 3631
Let i(s) = -3*s + 11. Let w = -73 - -77. Let r be i(w). What are the prime factors of (13 + 2 + -3)/(r/(-12))?
2, 3
Suppose 0 = 2*x + 2*l - 9392, -2*x = -4*x - 3*l + 9388. List the prime factors of x.
2, 5, 47
Let k(r) = 228*r**3 - r**2 + 5*r - 5. Suppose 7*b + 43 = 50. What are the prime factors of k(b)?
227
Let w = -22508 - -35021. What are the prime factors of w?
3, 43, 97
Suppose -637385 = 711*g - 746*g. What are the prime factors of g?
18211
Suppose -3*u + 3*v = 6, -4*u + 5*u = 4*v - 17. Suppose -u*p = -4*b - 3733, -5*p + 2*b + 4964 = -p. List the prime factors of p.
3, 7, 59
Suppose -54*w = -16*w - 887642. What are the prime factors of w?
7, 47, 71
Let o = 158 - 140. Let a = 2 + -1. What are the prime factors of 12/((-15)/o + a)?
2, 3
Let x(k) be the second derivative of -5/12*k**4 - 4*k - 1/2*k**3 - 3/2*k**2 - 1/20*k**5 + 0. List the prime factors of x(-6).
3, 17
Suppose 415*i - 5464 = 394*i + 15536. List the prime factors of i.
2, 5
Suppose -72*v + 90*v - 37890 = 0. List the prime factors of v.
5, 421
Let c(b) = -b**3 + 17*b**2 - 14*b - 8. Let m be c(16). Let u(x) = -27 - 4*x + 4*x**2 + m + 21*x. List the prime factors of u(-7).
2, 37
Let c(f) = -f + 9. Let s be c(2). Let d be (4/(-5))/(5/(-25)). Suppose -d*y - 138 = -s*y. What are the prime factors of y?
2, 23
Suppose 0 = -5*s - 878 - 62. Let z = s - -806. List the prime factors of z.
2, 3, 103
Let g(c) = -c**3 - 10*c**2 + 3*c + 13. Let m be g(-11). Let i be 1*(-34 + (-12)/4) - 2. Let f = i + m. What are the prime factors of f?
2, 31
Let j = -84275 - -133404. List the prime factors of j.
73, 673
Let u = 21835 - 4785. What are the prime factors of u?
2, 5, 11, 31
What are the prime factors of (3784/(-258))/((-2)/6)?
2, 11
Suppose -2*w - 2*d = -178, -d - 4*d = 3*w - 261. Suppose 11*t - 15*t - w = 0. Let b = t - -47. What are the prime factors of b?
2, 3
Suppose -2*n - 2*c - 9866 = 0, -n + 5*c = -0*c + 4927. Let a be (11/((-66)/n))/((-6)/4). What are the prime factors of 4/(-6) + (-3)/9*a?
2, 7, 13
Let t(d) = d**2 + 16*d + 65. Let y be t(-10). Let c(s) = 4*s**2 + 4*s - 25. What are the prime factors of c(y)?
5, 19
Let w(d) = d**3 + 36*d**2 + 134*d - 149. Let b be w(-31). Let s be 349*(-2 + (-1)/(-1)). Let f = b + s. What are the prime factors of f?
3, 17
Let o = 2023 + -1653. Let w be (-358)/(-4) + 5/10. Suppose -5*f + q = -722, -2*f - w = 4*q - o. What are the prime factors of f?
2, 3
Let s(r) = r**3 - 19*r**2 + 38*r - 14. Let q(j) = 16*j - 174. Let f be q(12). List the prime factors of s(f).
2, 173
Let b(k) be the first derivative of 5*k**4/4 + 5*k**2/2 - 47*k + 23. What are the prime factors of b(5)?
3, 67
Suppose 16*d = -669 - 51. Let o = d + 84. List the prime factors of o.
3, 13
Let n be 24/(-56) - 1*(-34)/14. Suppose -4*m - k = -n*m - 44, 5*m + 5*k - 120 = 0. What are the prime factors of m/(-8)*(-66)/5?
3, 11
Suppose -19*k + 82*k + 28*k - 349349 = 0. What are the prime factors of k?
11, 349
Let p(c) = -2*c**2 + 36*c - 26. Let q be p(17). Suppose q*u = -0*u + 3432. List the prime factors of u.
3, 11, 13
Suppose -62*l - 30*l + 1526372 = 0. List the prime factors of l.
47, 353
Let p = 10230 + -1663. What are the prime factors of p?
13, 659
Suppose y = 3*p + 2*y + 6, p + y + 4 = 0. Let q be (7 + -7)/(p + 2). Suppose -v + 34 + 23 = q. List the prime factors of v.
3, 19
Suppose -11 = c - 11. Suppose c*s - 2*d = -s + 8, 3*s + 5*d + 9 = 0. What are the prime factors of s?
2
Let z = -113 - -117. Suppose 2*o = 7*r - z*r + 2203, -2*o - 5*r = -2195. List the prime factors of o.
2, 5, 11
Suppose -z + 26349 = -3*n, 0 = -5*z + 7*n + 127365 + 4332. List the prime factors of z.
3, 67, 131
Let x(v) = 49*v + 1224. List the prime factors of x(-4).
2, 257
Suppose 0 = 4*q + w - 1531, 0 = -2*q + 3*q - 4*w - 387. Let l = -190 + q. What are the prime factors of l?
193
Suppose m + 3*j = 0, j - 20 = -0*m - 2*m. Let r be ((30/9)/(-10))/((-1)/m). Suppose -12 = -3*a, 4*b - r*a - 179 = 3*b. List the prime factors of b.
3, 5, 13
Suppose 0 = 3*k + 4*j - 72682, 2*k = -288*j + 283*j + 48464. List the prime factors of k.
2, 3, 11, 367
Let x(p) = -72 - 2054*p + 2019*p - 21. What are the prime factors of x(-5)?
2, 41
Let v(m) be the first derivative of m**4/4 + 7*m**3 + 19*m**2 - 14*m + 277. What are the p